{"id":837,"date":"2024-07-11T10:59:49","date_gmt":"2024-07-11T10:59:49","guid":{"rendered":"https:\/\/womenforpalestine.org\/?page_id=837"},"modified":"2024-07-11T10:59:49","modified_gmt":"2024-07-11T10:59:49","slug":"cv-javier-diaz-muriana","status":"publish","type":"page","link":"https:\/\/womenforpalestine.org\/es_es\/cv-javier-diaz-muriana\/","title":{"rendered":"CV Javier D\u00edaz Muriana"},"content":{"rendered":"\n<style type=\"text\/css\" data-created_by=\"avia_inline_auto\" id=\"style-css-av-496rj-89ef08bb11781996dc006721643700ab\">\n.avia-section.av-496rj-89ef08bb11781996dc006721643700ab{\nmargin-top:40px;\nmargin-bottom:40px;\n}\n<\/style>\n<div id='av_section_1'  class='avia-section av-496rj-89ef08bb11781996dc006721643700ab main_color avia-section-default avia-no-border-styling  avia-builder-el-0  avia-builder-el-no-sibling  avia-bg-style-scroll container_wrap fullsize'  ><div class='container av-section-cont-open' ><main  role=\"main\" itemprop=\"mainContentOfPage\"  class='template-page content  av-content-full alpha units'><div class='post-entry post-entry-type-page post-entry-837'><div class='entry-content-wrapper clearfix'>\n<div  class='flex_column av-13f9gv-f2a581c9b25658d886a2aaae0529be89 av_one_fourth  avia-builder-el-1  el_before_av_three_fourth  avia-builder-el-first  first flex_column_div  '     ><style type=\"text\/css\" data-created_by=\"avia_inline_auto\" id=\"style-css-av-z7gyn-019c3c8219f9a9612fa5f18d6d92134a\">\n.avia-image-container.av-z7gyn-019c3c8219f9a9612fa5f18d6d92134a img.avia_image{\nbox-shadow:none;\n}\n.avia-image-container.av-z7gyn-019c3c8219f9a9612fa5f18d6d92134a .av-image-caption-overlay-center{\ncolor:#ffffff;\n}\n<\/style>\n<div  class='avia-image-container av-z7gyn-019c3c8219f9a9612fa5f18d6d92134a av-styling- avia-align-center  avia-builder-el-2  avia-builder-el-no-sibling '   itemprop=\"image\" itemscope=\"itemscope\" itemtype=\"https:\/\/schema.org\/ImageObject\" ><div class=\"avia-image-container-inner\"><div class=\"avia-image-overlay-wrap\"><img decoding=\"async\" fetchpriority=\"high\" class='wp-image-373 avia-img-lazy-loading-not-373 avia_image ' src=\"https:\/\/womenforpalestine.org\/wp-content\/uploads\/2024\/04\/Javier-Diaz-Muriana-300x300.jpg\" alt='' title='Javier Di\u0301az Muriana'  height=\"300\" width=\"300\"  itemprop=\"thumbnailUrl\" srcset=\"https:\/\/womenforpalestine.org\/wp-content\/uploads\/2024\/04\/Javier-Diaz-Muriana-300x300.jpg 300w, https:\/\/womenforpalestine.org\/wp-content\/uploads\/2024\/04\/Javier-Diaz-Muriana-80x80.jpg 80w, https:\/\/womenforpalestine.org\/wp-content\/uploads\/2024\/04\/Javier-Diaz-Muriana-36x36.jpg 36w, https:\/\/womenforpalestine.org\/wp-content\/uploads\/2024\/04\/Javier-Diaz-Muriana-180x180.jpg 180w, https:\/\/womenforpalestine.org\/wp-content\/uploads\/2024\/04\/Javier-Diaz-Muriana.jpg 400w\" sizes=\"(max-width: 300px) 100vw, 300px\" \/><\/div><\/div><\/div><\/div><div  class='flex_column av-swifr-ea28f54fb86280182f1bed55f724be7d av_three_fourth  avia-builder-el-3  el_after_av_one_fourth  avia-builder-el-last  flex_column_div  '     ><p>\n<style type=\"text\/css\" data-created_by=\"avia_inline_auto\" id=\"style-css-av-kje5r-78ed05c7c8fc1479a28b497f909ab262\">\n#top .av-special-heading.av-kje5r-78ed05c7c8fc1479a28b497f909ab262{\npadding-bottom:10px;\n}\nbody .av-special-heading.av-kje5r-78ed05c7c8fc1479a28b497f909ab262 .av-special-heading-tag .heading-char{\nfont-size:25px;\n}\n.av-special-heading.av-kje5r-78ed05c7c8fc1479a28b497f909ab262 .av-subheading{\nfont-size:15px;\n}\n<\/style>\n<div  class='av-special-heading av-kje5r-78ed05c7c8fc1479a28b497f909ab262 av-special-heading-h2 blockquote modern-quote  avia-builder-el-4  el_before_av_hr  avia-builder-el-first '><h2 class='av-special-heading-tag '  itemprop=\"headline\"  >Javier D\u00edaz Muriana<\/h2><div class=\"special-heading-border\"><div class=\"special-heading-inner-border\"><\/div><\/div><\/div><br \/>\n\n<style type=\"text\/css\" data-created_by=\"avia_inline_auto\" id=\"style-css-av-fyvbj-ebec1551ed7e2e27e5399fad9d0fb044\">\n#top .hr.hr-invisible.av-fyvbj-ebec1551ed7e2e27e5399fad9d0fb044{\nheight:30px;\n}\n<\/style>\n<div  class='hr av-fyvbj-ebec1551ed7e2e27e5399fad9d0fb044 hr-invisible  avia-builder-el-5  el_after_av_heading  el_before_av_textblock '><span class='hr-inner '><span class=\"hr-inner-style\"><\/span><\/span><\/div><br \/>\n<section  class='av_textblock_section av-a3at3-fde7217f870de50880ac779110113ac4 '   itemscope=\"itemscope\" itemtype=\"https:\/\/schema.org\/CreativeWork\" ><div class='avia_textblock'  itemprop=\"text\" ><div class=\"page\" title=\"Page 2\">\n<div class=\"section\">\n<div class=\"section\">\n<div class=\"layoutArea\">\n<div class=\"column\">\n<div class=\"page\" title=\"Page 2\">\n<div class=\"section\">\n<div class=\"layoutArea\">\n<div class=\"column\">\n<p><strong>NOMBRE Y APELLIDO:<\/strong> Javier D\u00edaz Muriana<br \/>\n<strong>CARGO:<\/strong> Periodista y Coordinador<br \/>\n<strong>UNIVERSIDAD\/ORGANIZACI\u00d3N:<\/strong> Universidad de Ma\u0301laga.<br \/>\n<strong>PA\u00cdS:<\/strong> Espan\u0303a<br \/>\n<strong>E-MAIL:<\/strong> jdrescop@gmail.com<\/p>\n<\/div>\n<p class=\"p1\">Periodista. Licenciado en Periodismo por la Universidad de M\u00e1laga, M\u00e1ster Interuniversitario en Cultura de Paz, Educaci\u00f3n, Conflictos y Derechos Humanos por el Instituto de la Paz y los Conflictos y la Universidad de M\u00e1laga y M\u00e1ster Oficial en Cooperaci\u00f3n al Desarrollo, Gesti\u00f3n P\u00fablica y de las ONGD por el CICODE y FUNDEA de la Universidad de Granada.<\/p>\n<p class=\"p1\">Como periodista comenz\u00f3 su trabajo como redactor durante un a\u00f1o en el peri\u00f3dico local El D\u00eda de Antequera y Comarca. Desde 2009 ha realizado varias investigaciones sobre Comunicaci\u00f3n para el Cambio Social en colaboraci\u00f3n con ONGD y ha ganado el premio al Mejor Trabajo de Investigaci\u00f3n Manuel Castillo 2012 que otorga la Universidad de Valencia.<\/p>\n<p class=\"p1\">Ha trabajado como t\u00e9cnico de cooperaci\u00f3n y periodista en Palestina donde ha dirigido el documental Existir es Resistir, estrenado en la secci\u00f3n oficial del Festival de M\u00e1laga. Escribe sobre comunicaci\u00f3n y sobre Palestina en varias revistas y medios on-line (La Marea, El Diario.es, El Salto, Pueblos, Rebeli\u00f3n) Ha trabajado como T\u00e9cnico de Cooperaci\u00f3n en la Asociaci\u00f3n Al-Quds de Solidaridad con los Pueblos del Mundo \u00c1rabe\u2013 (M\u00e1laga), y en la Unidad de Cooperaci\u00f3n y Voluntariado de la Universidad de Ja\u00e9n.<\/p>\n<p class=\"p1\">Ha dirigido varios programa de radio en M\u00e1laga (Onda Color) y formatos especiales de informativos por los que obtuvo el galard\u00f3n al mejor contenido informativo en los Premios de Comunicaci\u00f3n Audiovisual Local de Andaluc\u00eda en 2014 y en Uniradio (Ja\u00e9n) con el programa UJA Coopera (2021-2023).<\/p>\n<p class=\"p1\">Ha estado coordinando varios proyectos de derecho internacional, salud psicosocial y asistencia sanitaria tanto en Cisjordania como en Gaza, lugar que ha visitado en hasta 6 ocasiones. En la actualidad es consultor internacional y secretario de Organizaci\u00f3n del Sindicato de Periodistas de Andaluc\u00eda (SPA). Es, adem\u00e1s, miembro activo de la Coordinadora Andaluc\u00eda con Palestina.<\/p>\n<\/div>\n<\/div>\n<\/div>\n<\/div>\n<\/div>\n<\/div>\n<\/div>\n<\/div>\n<\/div><\/section><\/p><\/div>\n","protected":false},"excerpt":{"rendered":"","protected":false},"author":1,"featured_media":0,"parent":0,"menu_order":101,"comment_status":"closed","ping_status":"closed","template":"template-blank.php","meta":{"footnotes":""},"class_list":["post-837","page","type-page","status-publish","hentry"],"_links":{"self":[{"href":"https:\/\/womenforpalestine.org\/es_es\/wp-json\/wp\/v2\/pages\/837","targetHints":{"allow":["GET"]}}],"collection":[{"href":"https:\/\/womenforpalestine.org\/es_es\/wp-json\/wp\/v2\/pages"}],"about":[{"href":"https:\/\/womenforpalestine.org\/es_es\/wp-json\/wp\/v2\/types\/page"}],"author":[{"embeddable":true,"href":"https:\/\/womenforpalestine.org\/es_es\/wp-json\/wp\/v2\/users\/1"}],"replies":[{"embeddable":true,"href":"https:\/\/womenforpalestine.org\/es_es\/wp-json\/wp\/v2\/comments?post=837"}],"version-history":[{"count":0,"href":"https:\/\/womenforpalestine.org\/es_es\/wp-json\/wp\/v2\/pages\/837\/revisions"}],"wp:attachment":[{"href":"https:\/\/womenforpalestine.org\/es_es\/wp-json\/wp\/v2\/media?parent=837"}],"curies":[{"name":"wp","href":"https:\/\/api.w.org\/{rel}","templated":true}]}}

CV Javier Díaz Muriana

<style type="text/css" data-created_by="avia_inline_auto" id="style-css-av-496rj-89ef08bb11781996dc006721643700ab">
.avia-section.av-496rj-89ef08bb11781996dc006721643700ab{
margin-top:40px;
margin-bottom:40px;
}
</style>
<div id='av_section_1'  class='avia-section av-496rj-89ef08bb11781996dc006721643700ab main_color avia-section-default avia-no-border-styling  avia-builder-el-0  avia-builder-el-no-sibling  avia-bg-style-scroll container_wrap fullsize'  ><div class='container av-section-cont-open' ><main  role="main" itemprop="mainContentOfPage"  class='template-page content  av-content-full alpha units'><div class='post-entry post-entry-type-page post-entry-837'><div class='entry-content-wrapper clearfix'>
<div  class='flex_column av-13f9gv-f2a581c9b25658d886a2aaae0529be89 av_one_fourth  avia-builder-el-1  el_before_av_three_fourth  avia-builder-el-first  first flex_column_div  '     ><style type="text/css" data-created_by="avia_inline_auto" id="style-css-av-z7gyn-019c3c8219f9a9612fa5f18d6d92134a">
.avia-image-container.av-z7gyn-019c3c8219f9a9612fa5f18d6d92134a img.avia_image{
box-shadow:none;
}
.avia-image-container.av-z7gyn-019c3c8219f9a9612fa5f18d6d92134a .av-image-caption-overlay-center{
color:#ffffff;
}
</style>
<div  class='avia-image-container av-z7gyn-019c3c8219f9a9612fa5f18d6d92134a av-styling- avia-align-center  avia-builder-el-2  avia-builder-el-no-sibling '   itemprop="image" itemscope="itemscope" itemtype="https://schema.org/ImageObject" ><div class="avia-image-container-inner"><div class="avia-image-overlay-wrap"><img decoding="async" fetchpriority="high" class='wp-image-373 avia-img-lazy-loading-not-373 avia_image ' src="https://womenforpalestine.org/wp-content/uploads/2024/04/Javier-Diaz-Muriana-300x300.jpg" alt='' title='Javier Díaz Muriana'  height="300" width="300"  itemprop="thumbnailUrl" srcset="https://womenforpalestine.org/wp-content/uploads/2024/04/Javier-Diaz-Muriana-300x300.jpg 300w, https://womenforpalestine.org/wp-content/uploads/2024/04/Javier-Diaz-Muriana-80x80.jpg 80w, https://womenforpalestine.org/wp-content/uploads/2024/04/Javier-Diaz-Muriana-36x36.jpg 36w, https://womenforpalestine.org/wp-content/uploads/2024/04/Javier-Diaz-Muriana-180x180.jpg 180w, https://womenforpalestine.org/wp-content/uploads/2024/04/Javier-Diaz-Muriana.jpg 400w" sizes="(max-width: 300px) 100vw, 300px" /></div></div></div></div><div  class='flex_column av-swifr-ea28f54fb86280182f1bed55f724be7d av_three_fourth  avia-builder-el-3  el_after_av_one_fourth  avia-builder-el-last  flex_column_div  '     ><p>
<style type="text/css" data-created_by="avia_inline_auto" id="style-css-av-kje5r-78ed05c7c8fc1479a28b497f909ab262">
#top .av-special-heading.av-kje5r-78ed05c7c8fc1479a28b497f909ab262{
padding-bottom:10px;
}
body .av-special-heading.av-kje5r-78ed05c7c8fc1479a28b497f909ab262 .av-special-heading-tag .heading-char{
font-size:25px;
}
.av-special-heading.av-kje5r-78ed05c7c8fc1479a28b497f909ab262 .av-subheading{
font-size:15px;
}
</style>
<div  class='av-special-heading av-kje5r-78ed05c7c8fc1479a28b497f909ab262 av-special-heading-h2 blockquote modern-quote  avia-builder-el-4  el_before_av_hr  avia-builder-el-first '><h2 class='av-special-heading-tag '  itemprop="headline"  >Javier Díaz Muriana</h2><div class="special-heading-border"><div class="special-heading-inner-border"></div></div></div><br />

<style type="text/css" data-created_by="avia_inline_auto" id="style-css-av-fyvbj-ebec1551ed7e2e27e5399fad9d0fb044">
#top .hr.hr-invisible.av-fyvbj-ebec1551ed7e2e27e5399fad9d0fb044{
height:30px;
}
</style>
<div  class='hr av-fyvbj-ebec1551ed7e2e27e5399fad9d0fb044 hr-invisible  avia-builder-el-5  el_after_av_heading  el_before_av_textblock '><span class='hr-inner '><span class="hr-inner-style"></span></span></div><br />
<section  class='av_textblock_section av-a3at3-fde7217f870de50880ac779110113ac4 '   itemscope="itemscope" itemtype="https://schema.org/CreativeWork" ><div class='avia_textblock'  itemprop="text" ><div class="page" title="Page 2">
<div class="section">
<div class="section">
<div class="layoutArea">
<div class="column">
<div class="page" title="Page 2">
<div class="section">
<div class="layoutArea">
<div class="column">
<p><strong>NOMBRE Y APELLIDO:</strong> Javier Díaz Muriana<br />
<strong>CARGO:</strong> Periodista y Coordinador<br />
<strong>UNIVERSIDAD/ORGANIZACIÓN:</strong> Universidad de Málaga.<br />
<strong>PAÍS:</strong> España<br />
<strong>E-MAIL:</strong> jdrescop@gmail.com</p>
</div>
<p class="p1">Periodista. Licenciado en Periodismo por la Universidad de Málaga, Máster Interuniversitario en Cultura de Paz, Educación, Conflictos y Derechos Humanos por el Instituto de la Paz y los Conflictos y la Universidad de Málaga y Máster Oficial en Cooperación al Desarrollo, Gestión Pública y de las ONGD por el CICODE y FUNDEA de la Universidad de Granada.</p>
<p class="p1">Como periodista comenzó su trabajo como redactor durante un año en el periódico local El Día de Antequera y Comarca. Desde 2009 ha realizado varias investigaciones sobre Comunicación para el Cambio Social en colaboración con ONGD y ha ganado el premio al Mejor Trabajo de Investigación Manuel Castillo 2012 que otorga la Universidad de Valencia.</p>
<p class="p1">Ha trabajado como técnico de cooperación y periodista en Palestina donde ha dirigido el documental Existir es Resistir, estrenado en la sección oficial del Festival de Málaga. Escribe sobre comunicación y sobre Palestina en varias revistas y medios on-line (La Marea, El Diario.es, El Salto, Pueblos, Rebelión) Ha trabajado como Técnico de Cooperación en la Asociación Al-Quds de Solidaridad con los Pueblos del Mundo Árabe– (Málaga), y en la Unidad de Cooperación y Voluntariado de la Universidad de Jaén.</p>
<p class="p1">Ha dirigido varios programa de radio en Málaga (Onda Color) y formatos especiales de informativos por los que obtuvo el galardón al mejor contenido informativo en los Premios de Comunicación Audiovisual Local de Andalucía en 2014 y en Uniradio (Jaén) con el programa UJA Coopera (2021-2023).</p>
<p class="p1">Ha estado coordinando varios proyectos de derecho internacional, salud psicosocial y asistencia sanitaria tanto en Cisjordania como en Gaza, lugar que ha visitado en hasta 6 ocasiones. En la actualidad es consultor internacional y secretario de Organización del Sindicato de Periodistas de Andalucía (SPA). Es, además, miembro activo de la Coordinadora Andalucía con Palestina.</p>
</div>
</div>
</div>
</div>
</div>
</div>
</div>
</div>
</div></section></p></div>
