{"id":810,"date":"2024-07-11T09:16:24","date_gmt":"2024-07-11T09:16:24","guid":{"rendered":"https:\/\/womenforpalestine.org\/?page_id=810"},"modified":"2024-07-11T09:29:07","modified_gmt":"2024-07-11T09:29:07","slug":"cv-inmaculada-postigo","status":"publish","type":"page","link":"https:\/\/womenforpalestine.org\/es_es\/cv-inmaculada-postigo\/","title":{"rendered":"CV Inmaculada Postigo"},"content":{"rendered":"\n<style type=\"text\/css\" data-created_by=\"avia_inline_auto\" id=\"style-css-av-496rj-89ef08bb11781996dc006721643700ab\">\n.avia-section.av-496rj-89ef08bb11781996dc006721643700ab{\nmargin-top:40px;\nmargin-bottom:40px;\n}\n<\/style>\n<div id='av_section_1'  class='avia-section av-496rj-89ef08bb11781996dc006721643700ab main_color avia-section-default avia-no-border-styling  avia-builder-el-0  avia-builder-el-no-sibling  avia-bg-style-scroll container_wrap fullsize'  ><div class='container av-section-cont-open' ><main  role=\"main\" itemprop=\"mainContentOfPage\"  class='template-page content  av-content-full alpha units'><div class='post-entry post-entry-type-page post-entry-810'><div class='entry-content-wrapper clearfix'>\n<div  class='flex_column av-13f9gv-f2a581c9b25658d886a2aaae0529be89 av_one_fourth  avia-builder-el-1  el_before_av_three_fourth  avia-builder-el-first  first flex_column_div  '     ><style type=\"text\/css\" data-created_by=\"avia_inline_auto\" id=\"style-css-av-z7gyn-40ed227beec43f3a7568279c9c7f9710\">\n.avia-image-container.av-z7gyn-40ed227beec43f3a7568279c9c7f9710 img.avia_image{\nbox-shadow:none;\n}\n.avia-image-container.av-z7gyn-40ed227beec43f3a7568279c9c7f9710 .av-image-caption-overlay-center{\ncolor:#ffffff;\n}\n<\/style>\n<div  class='avia-image-container av-z7gyn-40ed227beec43f3a7568279c9c7f9710 av-styling- avia-align-center  avia-builder-el-2  avia-builder-el-no-sibling '   itemprop=\"image\" itemscope=\"itemscope\" itemtype=\"https:\/\/schema.org\/ImageObject\" ><div class=\"avia-image-container-inner\"><div class=\"avia-image-overlay-wrap\"><img decoding=\"async\" fetchpriority=\"high\" class='wp-image-815 avia-img-lazy-loading-not-815 avia_image ' src=\"https:\/\/womenforpalestine.org\/wp-content\/uploads\/2024\/07\/Inma-Postigo-300x300.jpg\" alt='' title='Inma Postigo'  height=\"300\" width=\"300\"  itemprop=\"thumbnailUrl\" srcset=\"https:\/\/womenforpalestine.org\/wp-content\/uploads\/2024\/07\/Inma-Postigo-300x300.jpg 300w, https:\/\/womenforpalestine.org\/wp-content\/uploads\/2024\/07\/Inma-Postigo-80x80.jpg 80w, https:\/\/womenforpalestine.org\/wp-content\/uploads\/2024\/07\/Inma-Postigo-36x36.jpg 36w, https:\/\/womenforpalestine.org\/wp-content\/uploads\/2024\/07\/Inma-Postigo-180x180.jpg 180w, https:\/\/womenforpalestine.org\/wp-content\/uploads\/2024\/07\/Inma-Postigo.jpg 400w\" sizes=\"(max-width: 300px) 100vw, 300px\" \/><\/div><\/div><\/div><\/div><div  class='flex_column av-swifr-ea28f54fb86280182f1bed55f724be7d av_three_fourth  avia-builder-el-3  el_after_av_one_fourth  avia-builder-el-last  flex_column_div  '     ><p>\n<style type=\"text\/css\" data-created_by=\"avia_inline_auto\" id=\"style-css-av-kje5r-6449a9ba2b032cb7263efbbfad148589\">\n#top .av-special-heading.av-kje5r-6449a9ba2b032cb7263efbbfad148589{\npadding-bottom:10px;\n}\nbody .av-special-heading.av-kje5r-6449a9ba2b032cb7263efbbfad148589 .av-special-heading-tag .heading-char{\nfont-size:25px;\n}\n.av-special-heading.av-kje5r-6449a9ba2b032cb7263efbbfad148589 .av-subheading{\nfont-size:15px;\n}\n<\/style>\n<div  class='av-special-heading av-kje5r-6449a9ba2b032cb7263efbbfad148589 av-special-heading-h2 blockquote modern-quote  avia-builder-el-4  el_before_av_hr  avia-builder-el-first '><h2 class='av-special-heading-tag '  itemprop=\"headline\"  >Prof. Dra. Inmaculada Postigo. PDI (Coordinadora)<\/h2><div class=\"special-heading-border\"><div class=\"special-heading-inner-border\"><\/div><\/div><\/div><br \/>\n\n<style type=\"text\/css\" data-created_by=\"avia_inline_auto\" id=\"style-css-av-fyvbj-ebec1551ed7e2e27e5399fad9d0fb044\">\n#top .hr.hr-invisible.av-fyvbj-ebec1551ed7e2e27e5399fad9d0fb044{\nheight:30px;\n}\n<\/style>\n<div  class='hr av-fyvbj-ebec1551ed7e2e27e5399fad9d0fb044 hr-invisible  avia-builder-el-5  el_after_av_heading  el_before_av_textblock '><span class='hr-inner '><span class=\"hr-inner-style\"><\/span><\/span><\/div><br \/>\n<section  class='av_textblock_section av-a3at3-fde7217f870de50880ac779110113ac4 '   itemscope=\"itemscope\" itemtype=\"https:\/\/schema.org\/CreativeWork\" ><div class='avia_textblock'  itemprop=\"text\" ><div class=\"page\" title=\"Page 2\">\n<div class=\"section\">\n<div class=\"section\">\n<div class=\"layoutArea\">\n<div class=\"column\">\n<div class=\"page\" title=\"Page 2\">\n<div class=\"section\">\n<div class=\"layoutArea\">\n<div class=\"column\">\n<p><strong>NOMBRE Y APELLIDO:<\/strong> Inmaculada Postigo Go\u0301mez<br \/>\n<strong>CARGO:<\/strong> Decana Facultad de Ciencias de la Comunicacio\u0301n y Profesora Titular de Universidad <strong>UNIVERSIDAD\/ORGANIZACI\u00d3N:<\/strong>\u00a0Universidad de Ma\u0301laga. www.uma.es<br \/>\n<strong>PA\u00cdS:<\/strong> Espan\u0303a<br \/>\n<strong>E-MAIL:<\/strong> ipg@uma.es<\/p>\n<\/div>\n<p class=\"p1\">Profesora e investigadora de la Facultad de Ciencias de la Comunicaci\u00f3n de la Universidad de M\u00e1laga, Doctora en Comunicaci\u00f3n y master en Nuevas Tecnolog\u00edas de la Informaci\u00f3n y la Comunicaci\u00f3n. En la actualidad, es la Decana del Centro.<\/p>\n<p class=\"p1\">Sus l\u00edneas de investigaci\u00f3n contemplan la creaci\u00f3n y el an\u00e1lisis de las producciones discursivas con enfoque de g\u00e9nero, desde una perspectiva cr\u00edtica.<\/p>\n<p>Es la Coordinadora de la Red Iberoamericana de Investigaci\u00f3n en Comunicaci\u00f3n y Feminismo para la Justicia Social (IBERFEMCOM) que agrupa a m\u00e1s de una treintena de investigadoras, de 18 universidades y 11 pa\u00edses. (www.iberfemcom.uma.es). Es la responsable del grupo de investigaci\u00f3n Feminismo, Comunicaci\u00f3n y Cooperaci\u00f3n para la Justicia Social (FEMCOM), y dirige la secci\u00f3n de G\u00e9nero y Comunicaci\u00f3n de la AE-IC (https:\/\/ae-ic.org\/secciones-y-grupos-de-trabajo\/genero-y-comunicacion-2\/)<\/p>\n<p>Ha realizado estancias pre y postdoctorales en universidades europeas y latinoamericanas, en pa\u00edses como M\u00e9xico, Chile, Argentina, Austria, Italia, Holanda, Ecuador, Guatemala, Brasil, entre otras.<\/p>\n<p>Ha dirigido el \u201cObservatorio del tratamiento informativo de la violencia de g\u00e9nero\u201d, proyecto de excelencia de la Junta de Andaluc\u00eda y el proyecto de investigaci\u00f3n \u201cProdusage juvenil en las redes sociales y manifestaciones de las desigualdades de g\u00e9nero: nuevas formas de violencia\u201d, dentro del Programa Estatal de Investigaci\u00f3n Cient\u00edfico y T\u00e9cnica de Excelencia (MINECO). Participa como investigadora en varios proyectos europeos centrados en los discursos de odio a trav\u00e9s de las redes sociales y en la alfabetizaci\u00f3n medi\u00e1tica.<\/p>\n<p>Ha escrito art\u00edculos en revistas indexadas y cap\u00edtulos de libro entre los que destacan \u201cLa violencia machista a la luz de las interpretaciones de las noticias aparecidas en los informativos\u201d; \u201cObservatorio andaluz de la violencia machista en los medios audiovisuales (Ob-Vio).; \u201cMujeres P\u2019urh\u00e9pecha: defensoras de la palabra, el territorio y la autonom\u00eda\u201d; \u201cIndigenous communication in Latin America for social re-existence: communicative experiences in the Colombian Cauca; \u201cBuilding a Culture of Peace: The San Jos\u00e9 de Apartad\u00f3 Peace Community\u201d.<\/p>\n<p class=\"p1\">Desde el a\u00f1o 2009 lleva ejecutando proyectos de cooperaci\u00f3n internacional en Latinoam\u00e9rica (Guatemala, Per\u00fa, Bolivia, entre otros) centrados en la comunicaci\u00f3n como herramienta para el empoderamiento de las mujeres y la lucha contra la violencia machista.<\/p>\n<\/div>\n<\/div>\n<\/div>\n<\/div>\n<\/div>\n<\/div>\n<\/div>\n<\/div>\n<\/div><\/section><\/p><\/div>\n","protected":false},"excerpt":{"rendered":"","protected":false},"author":1,"featured_media":0,"parent":0,"menu_order":101,"comment_status":"closed","ping_status":"closed","template":"template-blank.php","meta":{"footnotes":""},"class_list":["post-810","page","type-page","status-publish","hentry"],"_links":{"self":[{"href":"https:\/\/womenforpalestine.org\/es_es\/wp-json\/wp\/v2\/pages\/810","targetHints":{"allow":["GET"]}}],"collection":[{"href":"https:\/\/womenforpalestine.org\/es_es\/wp-json\/wp\/v2\/pages"}],"about":[{"href":"https:\/\/womenforpalestine.org\/es_es\/wp-json\/wp\/v2\/types\/page"}],"author":[{"embeddable":true,"href":"https:\/\/womenforpalestine.org\/es_es\/wp-json\/wp\/v2\/users\/1"}],"replies":[{"embeddable":true,"href":"https:\/\/womenforpalestine.org\/es_es\/wp-json\/wp\/v2\/comments?post=810"}],"version-history":[{"count":0,"href":"https:\/\/womenforpalestine.org\/es_es\/wp-json\/wp\/v2\/pages\/810\/revisions"}],"wp:attachment":[{"href":"https:\/\/womenforpalestine.org\/es_es\/wp-json\/wp\/v2\/media?parent=810"}],"curies":[{"name":"wp","href":"https:\/\/api.w.org\/{rel}","templated":true}]}}

<style type="text/css" data-created_by="avia_inline_auto" id="style-css-av-496rj-89ef08bb11781996dc006721643700ab">
.avia-section.av-496rj-89ef08bb11781996dc006721643700ab{
margin-top:40px;
margin-bottom:40px;
}
</style>
<div id='av_section_1'  class='avia-section av-496rj-89ef08bb11781996dc006721643700ab main_color avia-section-default avia-no-border-styling  avia-builder-el-0  avia-builder-el-no-sibling  avia-bg-style-scroll container_wrap fullsize'  ><div class='container av-section-cont-open' ><main  role="main" itemprop="mainContentOfPage"  class='template-page content  av-content-full alpha units'><div class='post-entry post-entry-type-page post-entry-810'><div class='entry-content-wrapper clearfix'>
<div  class='flex_column av-13f9gv-f2a581c9b25658d886a2aaae0529be89 av_one_fourth  avia-builder-el-1  el_before_av_three_fourth  avia-builder-el-first  first flex_column_div  '     ><style type="text/css" data-created_by="avia_inline_auto" id="style-css-av-z7gyn-40ed227beec43f3a7568279c9c7f9710">
.avia-image-container.av-z7gyn-40ed227beec43f3a7568279c9c7f9710 img.avia_image{
box-shadow:none;
}
.avia-image-container.av-z7gyn-40ed227beec43f3a7568279c9c7f9710 .av-image-caption-overlay-center{
color:#ffffff;
}
</style>
<div  class='avia-image-container av-z7gyn-40ed227beec43f3a7568279c9c7f9710 av-styling- avia-align-center  avia-builder-el-2  avia-builder-el-no-sibling '   itemprop="image" itemscope="itemscope" itemtype="https://schema.org/ImageObject" ><div class="avia-image-container-inner"><div class="avia-image-overlay-wrap"><img decoding="async" fetchpriority="high" class='wp-image-815 avia-img-lazy-loading-not-815 avia_image ' src="https://womenforpalestine.org/wp-content/uploads/2024/07/Inma-Postigo-300x300.jpg" alt='' title='Inma Postigo'  height="300" width="300"  itemprop="thumbnailUrl" srcset="https://womenforpalestine.org/wp-content/uploads/2024/07/Inma-Postigo-300x300.jpg 300w, https://womenforpalestine.org/wp-content/uploads/2024/07/Inma-Postigo-80x80.jpg 80w, https://womenforpalestine.org/wp-content/uploads/2024/07/Inma-Postigo-36x36.jpg 36w, https://womenforpalestine.org/wp-content/uploads/2024/07/Inma-Postigo-180x180.jpg 180w, https://womenforpalestine.org/wp-content/uploads/2024/07/Inma-Postigo.jpg 400w" sizes="(max-width: 300px) 100vw, 300px" /></div></div></div></div><div  class='flex_column av-swifr-ea28f54fb86280182f1bed55f724be7d av_three_fourth  avia-builder-el-3  el_after_av_one_fourth  avia-builder-el-last  flex_column_div  '     ><p>
<style type="text/css" data-created_by="avia_inline_auto" id="style-css-av-kje5r-6449a9ba2b032cb7263efbbfad148589">
#top .av-special-heading.av-kje5r-6449a9ba2b032cb7263efbbfad148589{
padding-bottom:10px;
}
body .av-special-heading.av-kje5r-6449a9ba2b032cb7263efbbfad148589 .av-special-heading-tag .heading-char{
font-size:25px;
}
.av-special-heading.av-kje5r-6449a9ba2b032cb7263efbbfad148589 .av-subheading{
font-size:15px;
}
</style>
<div  class='av-special-heading av-kje5r-6449a9ba2b032cb7263efbbfad148589 av-special-heading-h2 blockquote modern-quote  avia-builder-el-4  el_before_av_hr  avia-builder-el-first '><h2 class='av-special-heading-tag '  itemprop="headline"  >Prof. Dra. Inmaculada Postigo. PDI (Coordinadora)</h2><div class="special-heading-border"><div class="special-heading-inner-border"></div></div></div><br />

<style type="text/css" data-created_by="avia_inline_auto" id="style-css-av-fyvbj-ebec1551ed7e2e27e5399fad9d0fb044">
#top .hr.hr-invisible.av-fyvbj-ebec1551ed7e2e27e5399fad9d0fb044{
height:30px;
}
</style>
<div  class='hr av-fyvbj-ebec1551ed7e2e27e5399fad9d0fb044 hr-invisible  avia-builder-el-5  el_after_av_heading  el_before_av_textblock '><span class='hr-inner '><span class="hr-inner-style"></span></span></div><br />
<section  class='av_textblock_section av-a3at3-fde7217f870de50880ac779110113ac4 '   itemscope="itemscope" itemtype="https://schema.org/CreativeWork" ><div class='avia_textblock'  itemprop="text" ><div class="page" title="Page 2">
<div class="section">
<div class="section">
<div class="layoutArea">
<div class="column">
<div class="page" title="Page 2">
<div class="section">
<div class="layoutArea">
<div class="column">
<p><strong>NOMBRE Y APELLIDO:</strong> Inmaculada Postigo Gómez<br />
<strong>CARGO:</strong> Decana Facultad de Ciencias de la Comunicación y Profesora Titular de Universidad <strong>UNIVERSIDAD/ORGANIZACIÓN:</strong> Universidad de Málaga. www.uma.es<br />
<strong>PAÍS:</strong> España<br />
<strong>E-MAIL:</strong> ipg@uma.es</p>
</div>
<p class="p1">Profesora e investigadora de la Facultad de Ciencias de la Comunicación de la Universidad de Málaga, Doctora en Comunicación y master en Nuevas Tecnologías de la Información y la Comunicación. En la actualidad, es la Decana del Centro.</p>
<p class="p1">Sus líneas de investigación contemplan la creación y el análisis de las producciones discursivas con enfoque de género, desde una perspectiva crítica.</p>
<p>Es la Coordinadora de la Red Iberoamericana de Investigación en Comunicación y Feminismo para la Justicia Social (IBERFEMCOM) que agrupa a más de una treintena de investigadoras, de 18 universidades y 11 países. (www.iberfemcom.uma.es). Es la responsable del grupo de investigación Feminismo, Comunicación y Cooperación para la Justicia Social (FEMCOM), y dirige la sección de Género y Comunicación de la AE-IC (https://ae-ic.org/secciones-y-grupos-de-trabajo/genero-y-comunicacion-2/)</p>
<p>Ha realizado estancias pre y postdoctorales en universidades europeas y latinoamericanas, en países como México, Chile, Argentina, Austria, Italia, Holanda, Ecuador, Guatemala, Brasil, entre otras.</p>
<p>Ha dirigido el “Observatorio del tratamiento informativo de la violencia de género”, proyecto de excelencia de la Junta de Andalucía y el proyecto de investigación “Produsage juvenil en las redes sociales y manifestaciones de las desigualdades de género: nuevas formas de violencia”, dentro del Programa Estatal de Investigación Científico y Técnica de Excelencia (MINECO). Participa como investigadora en varios proyectos europeos centrados en los discursos de odio a través de las redes sociales y en la alfabetización mediática.</p>
<p>Ha escrito artículos en revistas indexadas y capítulos de libro entre los que destacan “La violencia machista a la luz de las interpretaciones de las noticias aparecidas en los informativos”; “Observatorio andaluz de la violencia machista en los medios audiovisuales (Ob-Vio).; “Mujeres P’urhépecha: defensoras de la palabra, el territorio y la autonomía”; “Indigenous communication in Latin America for social re-existence: communicative experiences in the Colombian Cauca; “Building a Culture of Peace: The San José de Apartadó Peace Community”.</p>
<p class="p1">Desde el año 2009 lleva ejecutando proyectos de cooperación internacional en Latinoamérica (Guatemala, Perú, Bolivia, entre otros) centrados en la comunicación como herramienta para el empoderamiento de las mujeres y la lucha contra la violencia machista.</p>
</div>
</div>
</div>
</div>
</div>
</div>
</div>
</div>
</div></section></p></div>
