{"id":810,"date":"2024-07-11T09:16:24","date_gmt":"2024-07-11T09:16:24","guid":{"rendered":"https:\/\/womenforpalestine.org\/?page_id=810"},"modified":"2024-07-11T09:29:07","modified_gmt":"2024-07-11T09:29:07","slug":"cv-inmaculada-postigo","status":"publish","type":"page","link":"https:\/\/womenforpalestine.org\/en\/cv-inmaculada-postigo\/","title":{"rendered":"CV Inmaculada Postigo"},"content":{"rendered":"<style type=\"text\/css\" data-created_by=\"avia_inline_auto\" id=\"style-css-av-496rj-89ef08bb11781996dc006721643700ab\">\n.avia-section.av-496rj-89ef08bb11781996dc006721643700ab{\nmargin-top:40px;\nmargin-bottom:40px;\n}\n<\/style>\n<div id='av_section_1'  class='avia-section av-496rj-89ef08bb11781996dc006721643700ab main_color avia-section-default avia-no-border-styling  avia-builder-el-0  avia-builder-el-no-sibling  avia-bg-style-scroll container_wrap fullsize'  ><div class='container av-section-cont-open' ><main  role=\"main\" itemprop=\"mainContentOfPage\"  class='template-page content  av-content-full alpha units'><div class='post-entry post-entry-type-page post-entry-810'><div class='entry-content-wrapper clearfix'>\n<div  class='flex_column av-13f9gv-f2a581c9b25658d886a2aaae0529be89 av_one_fourth  avia-builder-el-1  el_before_av_three_fourth  avia-builder-el-first  first flex_column_div'     ><style type=\"text\/css\" data-created_by=\"avia_inline_auto\" id=\"style-css-av-z7gyn-40ed227beec43f3a7568279c9c7f9710\">\n.avia-image-container.av-z7gyn-40ed227beec43f3a7568279c9c7f9710 img.avia_image{\nbox-shadow:none;\n}\n.avia-image-container.av-z7gyn-40ed227beec43f3a7568279c9c7f9710 .av-image-caption-overlay-center{\ncolor:#ffffff;\n}\n<\/style>\n<div  class='avia-image-container av-z7gyn-40ed227beec43f3a7568279c9c7f9710 av-styling- avia-align-center  avia-builder-el-2  avia-builder-el-no-sibling'   itemprop=\"image\" itemscope=\"itemscope\" itemtype=\"https:\/\/schema.org\/ImageObject\" ><div class=\"avia-image-container-inner\"><div class=\"avia-image-overlay-wrap\"><img decoding=\"async\" fetchpriority=\"high\" class='wp-image-815 avia-img-lazy-loading-not-815 avia_image' src=\"https:\/\/womenforpalestine.org\/wp-content\/uploads\/2024\/07\/Inma-Postigo-300x300.jpg\" alt='' title='Inma Postigo'  height=\"300\" width=\"300\"  itemprop=\"thumbnailUrl\" srcset=\"https:\/\/womenforpalestine.org\/wp-content\/uploads\/2024\/07\/Inma-Postigo-300x300.jpg 300w, https:\/\/womenforpalestine.org\/wp-content\/uploads\/2024\/07\/Inma-Postigo-80x80.jpg 80w, https:\/\/womenforpalestine.org\/wp-content\/uploads\/2024\/07\/Inma-Postigo-36x36.jpg 36w, https:\/\/womenforpalestine.org\/wp-content\/uploads\/2024\/07\/Inma-Postigo-180x180.jpg 180w, https:\/\/womenforpalestine.org\/wp-content\/uploads\/2024\/07\/Inma-Postigo.jpg 400w\" sizes=\"(max-width: 300px) 100vw, 300px\" \/><\/div><\/div><\/div><\/div><div  class='flex_column av-swifr-ea28f54fb86280182f1bed55f724be7d av_three_fourth  avia-builder-el-3  el_after_av_one_fourth  avia-builder-el-last  flex_column_div'     ><p>\n<style type=\"text\/css\" data-created_by=\"avia_inline_auto\" id=\"style-css-av-kje5r-6449a9ba2b032cb7263efbbfad148589\">\n#top .av-special-heading.av-kje5r-6449a9ba2b032cb7263efbbfad148589{\npadding-bottom:10px;\n}\nbody .av-special-heading.av-kje5r-6449a9ba2b032cb7263efbbfad148589 .av-special-heading-tag .heading-char{\nfont-size:25px;\n}\n.av-special-heading.av-kje5r-6449a9ba2b032cb7263efbbfad148589 .av-subheading{\nfont-size:15px;\n}\n<\/style>\n<div  class='av-special-heading av-kje5r-6449a9ba2b032cb7263efbbfad148589 av-special-heading-h2 blockquote modern-quote  avia-builder-el-4  el_before_av_hr  avia-builder-el-first'><h2 class='av-special-heading-tag'  itemprop=\"headline\"  >Prof. Dr. Inmaculada Postigo. PDI (Coordinator)<\/h2><div class=\"special-heading-border\"><div class=\"special-heading-inner-border\"><\/div><\/div><\/div><br \/>\n\n<style type=\"text\/css\" data-created_by=\"avia_inline_auto\" id=\"style-css-av-fyvbj-ebec1551ed7e2e27e5399fad9d0fb044\">\n#top .hr.hr-invisible.av-fyvbj-ebec1551ed7e2e27e5399fad9d0fb044{\nheight:30px;\n}\n<\/style>\n<div  class='hr av-fyvbj-ebec1551ed7e2e27e5399fad9d0fb044 hr-invisible  avia-builder-el-5  el_after_av_heading  el_before_av_textblock'><span class='hr-inner'><span class=\"hr-inner-style\"><\/span><\/span><\/div><br \/>\n<section  class='av_textblock_section av-a3at3-fde7217f870de50880ac779110113ac4'   itemscope=\"itemscope\" itemtype=\"https:\/\/schema.org\/CreativeWork\" ><div class='avia_textblock'  itemprop=\"text\" ><div class=\"page\" title=\"Page 2\">\n<div class=\"section\">\n<div class=\"section\">\n<div class=\"layoutArea\">\n<div class=\"column\">\n<div class=\"page\" title=\"Page 2\">\n<div class=\"section\">\n<div class=\"layoutArea\">\n<div class=\"column\">\n<p><strong>NAME AND SURNAME:<\/strong> Inmaculada Postigo G\u00f3mez<br \/>\n<strong>POSITION:<\/strong> Dean of the Faculty of Communication Sciences and University Lecturer <strong>UNIVERSITY\/ORGANISATION:<\/strong>\u00a0University of Malaga. www.uma.es<br \/>\n<strong>COUNTRY:<\/strong> Spain<br \/>\n<strong>E-MAIL:<\/strong> ipg@uma.es<\/p>\n<\/div>\n<p class=\"p1\">Professor and researcher at the Faculty of Communication Sciences of the University of Malaga, PhD in Communication and Master in New Information and Communication Technologies. She is currently the Dean of the Centre.<\/p>\n<p class=\"p1\">Its lines of research contemplate the creation and analysis of discursive productions with a gender focus, from a critical perspective.<\/p>\n<p>She is the Coordinator of the Ibero-American Network of Research in Communication and Feminism for Social Justice (IBERFEMCOM), which brings together more than thirty researchers from 18 universities and 11 countries (www.iberfemcom.uma.es). She is the head of the research group Feminism, Communication and Cooperation for Social Justice (FEMCOM), and directs the Gender and Communication section of AE-IC (https:\/\/ae-ic.org\/secciones-y-grupos-de-trabajo\/genero-y-comunicacion-2\/).<\/p>\n<p>He has carried out pre- and post-doctoral stays in European and Latin American universities, in countries such as Mexico, Chile, Argentina, Austria, Italy, Holland, Ecuador, Guatemala, Brazil, among others.<\/p>\n<p>She has directed the \"Observatorio del tratamiento informativo de la violencia de g\u00e9nero\", a project of excellence of the Junta de Andaluc\u00eda and the research project \"Produsage juvenil en las redes sociales y manifestaciones de las desigualdades de g\u00e9nero: nuevas formas de violencia\", within the Programa Estatal de Investigaci\u00f3n Cient\u00edfico y T\u00e9cnica de Excelencia (MINECO). She participates as a researcher in several European projects focused on hate speech through social networks and media literacy.<\/p>\n<p>She has written articles in indexed journals and book chapters including \"La violencia machista a la luz de las interpretaciones de las noticias aparecidas en los informativos\"; \"Observatorio andaluz de la violencia machista en los medios audiovisuales (Ob-Vio); \"Mujeres P'urh\u00e9pecha: defensoras de la palabra, el territorio y la autonom\u00eda\"; \"Indigenous communication in Latin America for social re-existence: communicative experiences in the Colombian Cauca; \"Building a Culture of Peace: The San Jos\u00e9 de Apartad\u00f3 Peace Community\".<\/p>\n<p class=\"p1\">Since 2009, it has been carrying out international cooperation projects in Latin America (Guatemala, Peru, Bolivia, among others) focused on communication as a tool for the empowerment of women and the fight against gender violence.<\/p>\n<\/div>\n<\/div>\n<\/div>\n<\/div>\n<\/div>\n<\/div>\n<\/div>\n<\/div>\n<\/div><\/section><\/p><\/div>","protected":false},"excerpt":{"rendered":"","protected":false},"author":1,"featured_media":0,"parent":0,"menu_order":101,"comment_status":"closed","ping_status":"closed","template":"template-blank.php","meta":{"footnotes":""},"class_list":["post-810","page","type-page","status-publish","hentry"],"_links":{"self":[{"href":"https:\/\/womenforpalestine.org\/en\/wp-json\/wp\/v2\/pages\/810","targetHints":{"allow":["GET"]}}],"collection":[{"href":"https:\/\/womenforpalestine.org\/en\/wp-json\/wp\/v2\/pages"}],"about":[{"href":"https:\/\/womenforpalestine.org\/en\/wp-json\/wp\/v2\/types\/page"}],"author":[{"embeddable":true,"href":"https:\/\/womenforpalestine.org\/en\/wp-json\/wp\/v2\/users\/1"}],"replies":[{"embeddable":true,"href":"https:\/\/womenforpalestine.org\/en\/wp-json\/wp\/v2\/comments?post=810"}],"version-history":[{"count":0,"href":"https:\/\/womenforpalestine.org\/en\/wp-json\/wp\/v2\/pages\/810\/revisions"}],"wp:attachment":[{"href":"https:\/\/womenforpalestine.org\/en\/wp-json\/wp\/v2\/media?parent=810"}],"curies":[{"name":"wp","href":"https:\/\/api.w.org\/{rel}","templated":true}]}}

<style type="text/css" data-created_by="avia_inline_auto" id="style-css-av-496rj-89ef08bb11781996dc006721643700ab">
.avia-section.av-496rj-89ef08bb11781996dc006721643700ab{
margin-top:40px;
margin-bottom:40px;
}
</style>
<div id='av_section_1'  class='avia-section av-496rj-89ef08bb11781996dc006721643700ab main_color avia-section-default avia-no-border-styling  avia-builder-el-0  avia-builder-el-no-sibling  avia-bg-style-scroll container_wrap fullsize'  ><div class='container av-section-cont-open' ><main  role="main" itemprop="mainContentOfPage"  class='template-page content  av-content-full alpha units'><div class='post-entry post-entry-type-page post-entry-810'><div class='entry-content-wrapper clearfix'>
<div  class='flex_column av-13f9gv-f2a581c9b25658d886a2aaae0529be89 av_one_fourth  avia-builder-el-1  el_before_av_three_fourth  avia-builder-el-first  first flex_column_div'     ><style type="text/css" data-created_by="avia_inline_auto" id="style-css-av-z7gyn-40ed227beec43f3a7568279c9c7f9710">
.avia-image-container.av-z7gyn-40ed227beec43f3a7568279c9c7f9710 img.avia_image{
box-shadow:none;
}
.avia-image-container.av-z7gyn-40ed227beec43f3a7568279c9c7f9710 .av-image-caption-overlay-center{
color:#ffffff;
}
</style>
<div  class='avia-image-container av-z7gyn-40ed227beec43f3a7568279c9c7f9710 av-styling- avia-align-center  avia-builder-el-2  avia-builder-el-no-sibling'   itemprop="image" itemscope="itemscope" itemtype="https://schema.org/ImageObject" ><div class="avia-image-container-inner"><div class="avia-image-overlay-wrap"><img decoding="async" fetchpriority="high" class='wp-image-815 avia-img-lazy-loading-not-815 avia_image' src="https://womenforpalestine.org/wp-content/uploads/2024/07/Inma-Postigo-300x300.jpg" alt='' title='Inma Postigo'  height="300" width="300"  itemprop="thumbnailUrl" srcset="https://womenforpalestine.org/wp-content/uploads/2024/07/Inma-Postigo-300x300.jpg 300w, https://womenforpalestine.org/wp-content/uploads/2024/07/Inma-Postigo-80x80.jpg 80w, https://womenforpalestine.org/wp-content/uploads/2024/07/Inma-Postigo-36x36.jpg 36w, https://womenforpalestine.org/wp-content/uploads/2024/07/Inma-Postigo-180x180.jpg 180w, https://womenforpalestine.org/wp-content/uploads/2024/07/Inma-Postigo.jpg 400w" sizes="(max-width: 300px) 100vw, 300px" /></div></div></div></div><div  class='flex_column av-swifr-ea28f54fb86280182f1bed55f724be7d av_three_fourth  avia-builder-el-3  el_after_av_one_fourth  avia-builder-el-last  flex_column_div'     ><p>
<style type="text/css" data-created_by="avia_inline_auto" id="style-css-av-kje5r-6449a9ba2b032cb7263efbbfad148589">
#top .av-special-heading.av-kje5r-6449a9ba2b032cb7263efbbfad148589{
padding-bottom:10px;
}
body .av-special-heading.av-kje5r-6449a9ba2b032cb7263efbbfad148589 .av-special-heading-tag .heading-char{
font-size:25px;
}
.av-special-heading.av-kje5r-6449a9ba2b032cb7263efbbfad148589 .av-subheading{
font-size:15px;
}
</style>
<div  class='av-special-heading av-kje5r-6449a9ba2b032cb7263efbbfad148589 av-special-heading-h2 blockquote modern-quote  avia-builder-el-4  el_before_av_hr  avia-builder-el-first'><h2 class='av-special-heading-tag'  itemprop="headline"  >Prof. Dr. Inmaculada Postigo. PDI (Coordinator)</h2><div class="special-heading-border"><div class="special-heading-inner-border"></div></div></div><br />

<style type="text/css" data-created_by="avia_inline_auto" id="style-css-av-fyvbj-ebec1551ed7e2e27e5399fad9d0fb044">
#top .hr.hr-invisible.av-fyvbj-ebec1551ed7e2e27e5399fad9d0fb044{
height:30px;
}
</style>
<div  class='hr av-fyvbj-ebec1551ed7e2e27e5399fad9d0fb044 hr-invisible  avia-builder-el-5  el_after_av_heading  el_before_av_textblock'><span class='hr-inner'><span class="hr-inner-style"></span></span></div><br />
<section  class='av_textblock_section av-a3at3-fde7217f870de50880ac779110113ac4'   itemscope="itemscope" itemtype="https://schema.org/CreativeWork" ><div class='avia_textblock'  itemprop="text" ><div class="page" title="Page 2">
<div class="section">
<div class="section">
<div class="layoutArea">
<div class="column">
<div class="page" title="Page 2">
<div class="section">
<div class="layoutArea">
<div class="column">
<p><strong>NAME AND SURNAME:</strong> Inmaculada Postigo Gómez<br />
<strong>POSITION:</strong> Dean of the Faculty of Communication Sciences and University Lecturer <strong>UNIVERSITY/ORGANISATION:</strong> University of Malaga. www.uma.es<br />
<strong>COUNTRY:</strong> Spain<br />
<strong>E-MAIL:</strong> ipg@uma.es</p>
</div>
<p class="p1">Professor and researcher at the Faculty of Communication Sciences of the University of Malaga, PhD in Communication and Master in New Information and Communication Technologies. She is currently the Dean of the Centre.</p>
<p class="p1">Its lines of research contemplate the creation and analysis of discursive productions with a gender focus, from a critical perspective.</p>
<p>She is the Coordinator of the Ibero-American Network of Research in Communication and Feminism for Social Justice (IBERFEMCOM), which brings together more than thirty researchers from 18 universities and 11 countries (www.iberfemcom.uma.es). She is the head of the research group Feminism, Communication and Cooperation for Social Justice (FEMCOM), and directs the Gender and Communication section of AE-IC (https://ae-ic.org/secciones-y-grupos-de-trabajo/genero-y-comunicacion-2/).</p>
<p>He has carried out pre- and post-doctoral stays in European and Latin American universities, in countries such as Mexico, Chile, Argentina, Austria, Italy, Holland, Ecuador, Guatemala, Brazil, among others.</p>
<p>She has directed the "Observatorio del tratamiento informativo de la violencia de género", a project of excellence of the Junta de Andalucía and the research project "Produsage juvenil en las redes sociales y manifestaciones de las desigualdades de género: nuevas formas de violencia", within the Programa Estatal de Investigación Científico y Técnica de Excelencia (MINECO). She participates as a researcher in several European projects focused on hate speech through social networks and media literacy.</p>
<p>She has written articles in indexed journals and book chapters including "La violencia machista a la luz de las interpretaciones de las noticias aparecidas en los informativos"; "Observatorio andaluz de la violencia machista en los medios audiovisuales (Ob-Vio); "Mujeres P'urhépecha: defensoras de la palabra, el territorio y la autonomía"; "Indigenous communication in Latin America for social re-existence: communicative experiences in the Colombian Cauca; "Building a Culture of Peace: The San José de Apartadó Peace Community".</p>
<p class="p1">Since 2009, it has been carrying out international cooperation projects in Latin America (Guatemala, Peru, Bolivia, among others) focused on communication as a tool for the empowerment of women and the fight against gender violence.</p>
</div>
</div>
</div>
</div>
</div>
</div>
</div>
</div>
</div></section></p></div>
